{"id":2349,"date":"2023-12-11T15:09:41","date_gmt":"2023-12-11T18:09:41","guid":{"rendered":"https:\/\/carmesi.com.py\/?post_type=product&#038;p=2349"},"modified":"2024-02-28T14:16:17","modified_gmt":"2024-02-28T17:16:17","slug":"planificador-diario-acuarela-lila","status":"publish","type":"product","link":"https:\/\/carmesi.com.py\/?product=planificador-diario-acuarela-lila","title":{"rendered":"Planificador Diario acuarela lila"},"content":{"rendered":"<p>Tiene 100 hojas de 70gr y tapas duras.<br \/>\nDimensiones: 21cm x 15cm, espesor de 1,5cm.<\/p>\n<p>Es ideal para personas que tienen varias actividades al d\u00eda y que necesitan organizarse por horas.<\/p>\n<p>Aument\u00e1 tu productividad identificando a qu\u00e9 actividades le dedic\u00e1s m\u00e1s tiempo para organizarte mejor y disfrutar de tus d\u00edas.<\/p>\n<p>Est\u00e1 hecho con amor\u00a0en\u00a0Paraguay\u00a0\u2661<\/p>\n","protected":false},"excerpt":{"rendered":"<p>Planificador de un d\u00eda por p\u00e1gina, sin fechas<\/p>\n","protected":false},"featured_media":2350,"template":"elementor_theme","meta":{"_eb_attr":"","jetpack_post_was_ever_published":false,"_joinchat":[]},"product_cat":[119],"product_tag":[],"jetpack_sharing_enabled":true,"_links":{"self":[{"href":"https:\/\/carmesi.com.py\/index.php?rest_route=\/wp\/v2\/product\/2349"}],"collection":[{"href":"https:\/\/carmesi.com.py\/index.php?rest_route=\/wp\/v2\/product"}],"about":[{"href":"https:\/\/carmesi.com.py\/index.php?rest_route=\/wp\/v2\/types\/product"}],"version-history":[{"count":1,"href":"https:\/\/carmesi.com.py\/index.php?rest_route=\/wp\/v2\/product\/2349\/revisions"}],"predecessor-version":[{"id":2351,"href":"https:\/\/carmesi.com.py\/index.php?rest_route=\/wp\/v2\/product\/2349\/revisions\/2351"}],"wp:featuredmedia":[{"embeddable":true,"href":"https:\/\/carmesi.com.py\/index.php?rest_route=\/wp\/v2\/media\/2350"}],"wp:attachment":[{"href":"https:\/\/carmesi.com.py\/index.php?rest_route=%2Fwp%2Fv2%2Fmedia&parent=2349"}],"wp:term":[{"taxonomy":"product_cat","embeddable":true,"href":"https:\/\/carmesi.com.py\/index.php?rest_route=%2Fwp%2Fv2%2Fproduct_cat&post=2349"},{"taxonomy":"product_tag","embeddable":true,"href":"https:\/\/carmesi.com.py\/index.php?rest_route=%2Fwp%2Fv2%2Fproduct_tag&post=2349"}],"curies":[{"name":"wp","href":"https:\/\/api.w.org\/{rel}","templated":true}]}}